{"id":1712,"date":"2025-03-06T17:05:15","date_gmt":"2025-03-06T17:05:15","guid":{"rendered":"https:\/\/studioartspot.com\/dev\/slavic\/?post_type=product&#038;p=1712"},"modified":"2026-01-08T16:54:35","modified_gmt":"2026-01-08T16:54:35","slug":"dorde-kadijevic","status":"publish","type":"product","link":"https:\/\/studioartspot.com\/dev\/slavic\/actors\/dorde-kadijevic\/","title":{"rendered":"\u0110or\u0111e Kadijevi\u0107"},"content":{"rendered":"<p><div class=\"fusion-fullwidth fullwidth-box fusion-builder-row-1 fusion-flex-container has-pattern-background has-mask-background nonhundred-percent-fullwidth non-hundred-percent-height-scrolling fusion-animated\" style=\"--awb-border-radius-top-left:0px;--awb-border-radius-top-right:0px;--awb-border-radius-bottom-right:0px;--awb-border-radius-bottom-left:0px;--awb-padding-right:0px;--awb-padding-left:0px;--awb-margin-top:35px;--awb-flex-wrap:wrap;\" data-animationType=\"fadeInUp\" data-animationDuration=\"0.9\" data-animationDelay=\"0.4\" data-animationOffset=\"top-into-view\" ><div class=\"fusion-builder-row fusion-row fusion-flex-align-items-flex-start fusion-flex-content-wrap\" style=\"max-width:1560px;margin-left: calc(-4% \/ 2 );margin-right: calc(-4% \/ 2 );\"><div class=\"fusion-layout-column fusion_builder_column fusion-builder-column-0 fusion_builder_column_1_6 1_6 fusion-flex-column\" style=\"--awb-bg-size:cover;--awb-width-large:16.666666666667%;--awb-margin-top-large:0px;--awb-spacing-right-large:11.52%;--awb-margin-bottom-large:20px;--awb-spacing-left-large:11.52%;--awb-width-medium:16.666666666667%;--awb-order-medium:0;--awb-spacing-right-medium:11.52%;--awb-spacing-left-medium:11.52%;--awb-width-small:50%;--awb-order-small:0;--awb-spacing-right-small:3.84%;--awb-spacing-left-small:3.84%;\" data-scroll-devices=\"small-visibility,medium-visibility,large-visibility\"><div class=\"fusion-column-wrapper fusion-column-has-shadow fusion-flex-justify-content-flex-start fusion-content-layout-column\"><div class=\"fusion-image-element sm-text-align-center\" style=\"--awb-caption-title-font-family:var(--h2_typography-font-family);--awb-caption-title-font-weight:var(--h2_typography-font-weight);--awb-caption-title-font-style:var(--h2_typography-font-style);--awb-caption-title-size:var(--h2_typography-font-size);--awb-caption-title-transform:var(--h2_typography-text-transform);--awb-caption-title-line-height:var(--h2_typography-line-height);--awb-caption-title-letter-spacing:var(--h2_typography-letter-spacing);\"><span class=\" fusion-imageframe imageframe-none imageframe-1 hover-type-none actor-socials\"><a class=\"fusion-no-lightbox\" href=\"https:\/\/www.imdb.com\/name\/nm5990523\/?ref_=fn_all_nme_2\" target=\"_blank\" aria-label=\"slavic-icons-smedia-imdb\" rel=\"noopener noreferrer\"><img decoding=\"async\" width=\"259\" height=\"130\" src=\"https:\/\/studioartspot.com\/dev\/slavic\/wp-content\/uploads\/2024\/07\/slavic-icons-smedia-imdb.png\" alt class=\"img-responsive wp-image-340\" srcset=\"https:\/\/studioartspot.com\/dev\/slavic\/wp-content\/uploads\/2024\/07\/slavic-icons-smedia-imdb-200x100.png 200w, https:\/\/studioartspot.com\/dev\/slavic\/wp-content\/uploads\/2024\/07\/slavic-icons-smedia-imdb.png 259w\" sizes=\"(max-width: 640px) 100vw, 200px\" \/><\/a><\/span><\/div><\/div><\/div><\/div><\/div><div class=\"fusion-fullwidth fullwidth-box fusion-builder-row-2 fusion-flex-container has-pattern-background has-mask-background nonhundred-percent-fullwidth non-hundred-percent-height-scrolling\" style=\"--awb-border-radius-top-left:0px;--awb-border-radius-top-right:0px;--awb-border-radius-bottom-right:0px;--awb-border-radius-bottom-left:0px;--awb-padding-left:0px;--awb-padding-right-small:0px;--awb-margin-top:25px;--awb-flex-wrap:wrap;\" id=\"kontakt_dugme\" ><div class=\"fusion-builder-row fusion-row fusion-flex-align-items-flex-start fusion-flex-content-wrap\" style=\"max-width:1560px;margin-left: calc(-4% \/ 2 );margin-right: calc(-4% \/ 2 );\"><div class=\"fusion-layout-column fusion_builder_column fusion-builder-column-1 fusion_builder_column_1_1 1_1 fusion-flex-column\" style=\"--awb-bg-size:cover;--awb-width-large:100%;--awb-margin-top-large:0px;--awb-spacing-right-large:1.92%;--awb-margin-bottom-large:20px;--awb-spacing-left-large:1.92%;--awb-width-medium:100%;--awb-order-medium:0;--awb-spacing-right-medium:1.92%;--awb-spacing-left-medium:1.92%;--awb-width-small:100%;--awb-order-small:0;--awb-spacing-right-small:1.92%;--awb-spacing-left-small:1.92%;\" data-scroll-devices=\"small-visibility,medium-visibility,large-visibility\"><div class=\"fusion-column-wrapper fusion-column-has-shadow fusion-flex-justify-content-flex-start fusion-content-layout-column\"><div style=\"text-align:center;\"><a class=\"fusion-button button-flat fusion-button-default-size button-custom fusion-button-default button-1 fusion-button-default-span sg-popup-id-355\" style=\"--button_accent_color:var(--awb-color5);--button_border_color:var(--awb-color5);--button_accent_hover_color:var(--awb-color1);--button_border_hover_color:var(--awb-color1);--button_border_width-top:1px;--button_border_width-right:1px;--button_border_width-bottom:1px;--button_border_width-left:1px;--button-border-radius-top-left:12px;--button-border-radius-top-right:12px;--button-border-radius-bottom-right:12px;--button-border-radius-bottom-left:12px;--button_gradient_top_color:var(--awb-color2);--button_gradient_bottom_color:var(--awb-color2);--button_gradient_top_color_hover:hsla(var(--awb-color5-h),calc(var(--awb-color5-s) - 5%),calc(var(--awb-color5-l) - 10%),var(--awb-color5-a));--button_gradient_bottom_color_hover:hsla(var(--awb-color5-h),calc(var(--awb-color5-s) - 5%),calc(var(--awb-color5-l) - 10%),var(--awb-color5-a));--button_padding-right:40%;--button_padding-left:40%;\" target=\"_self\" data-hover=\"text_slide_up\"><div class=\"awb-button-text-transition  awb-button__hover-content--centered\"><span class=\"fusion-button-text awb-button__text awb-button__text--default\">CONTACT<\/span><span class=\"fusion-button-text awb-button__text awb-button__text--default\">CONTACT<\/span><\/div><\/a><\/div><\/div><\/div><\/div><\/div><div class=\"fusion-fullwidth fullwidth-box fusion-builder-row-3 fusion-flex-container has-pattern-background has-mask-background nonhundred-percent-fullwidth non-hundred-percent-height-scrolling fusion-animated fusion-sticky-container\" style=\"--awb-border-radius-top-left:0px;--awb-border-radius-top-right:0px;--awb-border-radius-bottom-right:0px;--awb-border-radius-bottom-left:0px;--awb-padding-right:0px;--awb-padding-left:0px;--awb-margin-top:30px;--awb-flex-wrap:wrap;\" data-animationType=\"fadeInUp\" data-animationDuration=\"0.8\" data-animationDelay=\"0.5\" data-animationOffset=\"top-into-view\" data-transition-offset=\"0\" data-scroll-offset=\"119\" data-sticky-small-visibility=\"1\" data-sticky-medium-visibility=\"1\" data-sticky-large-visibility=\"1\" ><div class=\"fusion-builder-row fusion-row fusion-flex-align-items-flex-start fusion-flex-content-wrap\" style=\"max-width:1560px;margin-left: calc(-4% \/ 2 );margin-right: calc(-4% \/ 2 );\"><div class=\"fusion-layout-column fusion_builder_column fusion-builder-column-2 fusion_builder_column_1_1 1_1 fusion-flex-column\" style=\"--awb-bg-size:cover;--awb-width-large:100%;--awb-margin-top-large:0px;--awb-spacing-right-large:1.92%;--awb-margin-bottom-large:20px;--awb-spacing-left-large:1.92%;--awb-width-medium:100%;--awb-order-medium:0;--awb-spacing-right-medium:1.92%;--awb-spacing-left-medium:1.92%;--awb-width-small:100%;--awb-order-small:0;--awb-spacing-right-small:1.92%;--awb-spacing-left-small:1.92%;\"><div class=\"fusion-column-wrapper fusion-column-has-shadow fusion-flex-justify-content-flex-start fusion-content-layout-column\"><div class=\"fusion-title title fusion-title-1 fusion-sep-none fusion-title-text fusion-title-size-four\" style=\"--awb-margin-bottom:0px;\"><h4 class=\"fusion-title-heading title-heading-left\" style=\"margin:0;\">AWARDS<\/h4><\/div><div class=\"fusion-separator fusion-full-width-sep\" style=\"align-self: center;margin-left: auto;margin-right: auto;margin-top:11px;margin-bottom:15px;width:100%;max-width:100%;\"><div class=\"fusion-separator-border sep-single sep-solid\" style=\"--awb-height:20px;--awb-amount:20px;--awb-sep-color:#a2a2a2;border-color:#a2a2a2;border-top-width:1px;\"><\/div><\/div>\n<div class=\"fusion-text fusion-text-1\"><p>2023 &#8211; Laureat za predstavu &#8220;Hajde da improvizujemo&#8221;, Sr\u0111ana J. Karanovi\u0107 na me\u0111unarodnom pozori\u0161nom studentskom festivalu Kestenburg u Banjoj Luci<br \/>\n2022 &#8211; Nagrada za animaciju i glumu za ulogu u predstavi &#8220;Bajka o za\u010daranoj lepotici&#8221; na 23. me\u0111unarodnom festivalu profesionalnih lutkarskih pozori\u0161ta za decu &#8220;Lut fest&#8221; \/ Sarajevo<br \/>\n2022 &#8211; Nagrada za najboljeg mladog glumca &#8220;Milena Sad\u017eak&#8221; za ulogu u predstavi &#8220;Bajka o za\u010daranoj lepotici&#8221; na 53. susretima profesionalnih pozori\u0161ta lutaka Srbije \/ Beograd<br \/>\n2022 &#8211; Nagrada glumac ve\u010deri za ulogu u predstavi &#8220;Bajka o za\u010daranoj lepotici&#8221; na Zimskom pozori\u0161nom festivalu za decu \/ Aleksinac<br \/>\n2021 &#8211; Laureat za predstavu &#8220;Greta iz Fausta&#8221;, Sr\u0111ana J. Karanovi\u0107a na me\u0111unarodnom pozori\u0161nom studentskom festivalu Kestenburg u Banjoj Luci<\/p>\n<\/div><\/div><\/div><\/div><\/div><div class=\"fusion-fullwidth fullwidth-box fusion-builder-row-4 fusion-flex-container has-pattern-background has-mask-background nonhundred-percent-fullwidth non-hundred-percent-height-scrolling fusion-animated fusion-sticky-container\" style=\"--awb-border-radius-top-left:0px;--awb-border-radius-top-right:0px;--awb-border-radius-bottom-right:0px;--awb-border-radius-bottom-left:0px;--awb-padding-right:0px;--awb-padding-left:0px;--awb-margin-top:30px;--awb-flex-wrap:wrap;\" data-animationType=\"fadeInUp\" data-animationDuration=\"0.8\" data-animationDelay=\"0.5\" data-animationOffset=\"top-into-view\" data-transition-offset=\"0\" data-scroll-offset=\"119\" data-sticky-small-visibility=\"1\" data-sticky-medium-visibility=\"1\" data-sticky-large-visibility=\"1\" ><div class=\"fusion-builder-row fusion-row fusion-flex-align-items-flex-start fusion-flex-content-wrap\" style=\"max-width:1560px;margin-left: calc(-4% \/ 2 );margin-right: calc(-4% \/ 2 );\"><div class=\"fusion-layout-column fusion_builder_column fusion-builder-column-3 fusion_builder_column_1_1 1_1 fusion-flex-column\" style=\"--awb-bg-size:cover;--awb-width-large:100%;--awb-margin-top-large:0px;--awb-spacing-right-large:1.92%;--awb-margin-bottom-large:20px;--awb-spacing-left-large:1.92%;--awb-width-medium:100%;--awb-order-medium:0;--awb-spacing-right-medium:1.92%;--awb-spacing-left-medium:1.92%;--awb-width-small:100%;--awb-order-small:0;--awb-spacing-right-small:1.92%;--awb-spacing-left-small:1.92%;\"><div class=\"fusion-column-wrapper fusion-column-has-shadow fusion-flex-justify-content-flex-start fusion-content-layout-column\"><div class=\"fusion-title title fusion-title-2 fusion-sep-none fusion-title-text fusion-title-size-four\" style=\"--awb-margin-bottom:0px;\"><h4 class=\"fusion-title-heading title-heading-left\" style=\"margin:0;\">CREDITS<\/h4><\/div><div class=\"fusion-separator fusion-full-width-sep\" style=\"align-self: center;margin-left: auto;margin-right: auto;margin-top:11px;margin-bottom:15px;width:100%;max-width:100%;\"><div class=\"fusion-separator-border sep-single sep-solid\" style=\"--awb-height:20px;--awb-amount:20px;--awb-sep-color:#a2a2a2;border-color:#a2a2a2;border-top-width:1px;\"><\/div><\/div>\n<\/div><\/div><\/div><\/div><div class=\"fusion-fullwidth fullwidth-box fusion-builder-row-5 fusion-flex-container has-pattern-background has-mask-background nonhundred-percent-fullwidth non-hundred-percent-height-scrolling fusion-animated\" style=\"--awb-border-radius-top-left:0px;--awb-border-radius-top-right:0px;--awb-border-radius-bottom-right:0px;--awb-border-radius-bottom-left:0px;--awb-padding-right:0px;--awb-padding-left:0px;--awb-flex-wrap:wrap;\" data-animationType=\"fadeInUp\" data-animationDuration=\"1.0\" data-animationDelay=\"0.5\" data-animationOffset=\"top-into-view\" ><div class=\"fusion-builder-row fusion-row fusion-flex-align-items-flex-start fusion-flex-content-wrap\" style=\"max-width:1560px;margin-left: calc(-4% \/ 2 );margin-right: calc(-4% \/ 2 );\"><div class=\"fusion-layout-column fusion_builder_column fusion-builder-column-4 fusion_builder_column_1_1 1_1 fusion-flex-column\" style=\"--awb-bg-size:cover;--awb-width-large:100%;--awb-margin-top-large:0px;--awb-spacing-right-large:1.92%;--awb-margin-bottom-large:20px;--awb-spacing-left-large:1.92%;--awb-width-medium:100%;--awb-order-medium:0;--awb-spacing-right-medium:1.92%;--awb-spacing-left-medium:1.92%;--awb-width-small:100%;--awb-order-small:0;--awb-spacing-right-small:1.92%;--awb-spacing-left-small:1.92%;\"><div class=\"fusion-column-wrapper fusion-column-has-shadow fusion-flex-justify-content-flex-start fusion-content-layout-column\"><div class=\"fusion-title title fusion-title-3 fusion-sep-none fusion-title-text fusion-title-size-five\" style=\"--awb-margin-bottom:8px;\"><h5 class=\"fusion-title-heading title-heading-left\" style=\"margin:0;\">MOVIES<\/h5><\/div><div class=\"fusion-text fusion-text-2\"><p><img decoding=\"async\" class=\"alignleft wp-image-873\" src=\"https:\/\/studioartspot.com\/dev\/slavic\/wp-content\/uploads\/2024\/07\/movies.jpg\" alt=\"\" width=\"39\" height=\"63\" \/>2024 &#8211; <strong>&#8220;Videotheque&#8221;<\/strong>,<br \/>\nRole: Kornjaca, Director: Luka Bursac, Production: Mashina&amp;Zec<\/p>\n<p><img decoding=\"async\" class=\"alignleft wp-image-873\" src=\"https:\/\/studioartspot.com\/dev\/slavic\/wp-content\/uploads\/2024\/07\/movies.jpg\" alt=\"\" width=\"39\" height=\"63\" \/>2024 &#8211; <strong>&#8220;Sunday&#8221;<\/strong>,<br \/>\nDirector: Nemanja \u0106erani\u0107 and Milo\u0161 Radunovi\u0107, Production: Telekom Srbija, Pelicula Film<\/p>\n<\/div><\/div><\/div><\/div><\/div><div class=\"fusion-fullwidth fullwidth-box fusion-builder-row-6 fusion-flex-container has-pattern-background has-mask-background nonhundred-percent-fullwidth non-hundred-percent-height-scrolling fusion-animated\" style=\"--awb-border-radius-top-left:0px;--awb-border-radius-top-right:0px;--awb-border-radius-bottom-right:0px;--awb-border-radius-bottom-left:0px;--awb-padding-right:0px;--awb-padding-left:0px;--awb-flex-wrap:wrap;\" data-animationType=\"fadeInUp\" data-animationDuration=\"0.9\" data-animationDelay=\"0.5\" data-animationOffset=\"top-into-view\" ><div class=\"fusion-builder-row fusion-row fusion-flex-align-items-flex-start fusion-flex-content-wrap\" style=\"max-width:1560px;margin-left: calc(-4% \/ 2 );margin-right: calc(-4% \/ 2 );\"><div class=\"fusion-layout-column fusion_builder_column fusion-builder-column-5 fusion_builder_column_1_1 1_1 fusion-flex-column\" style=\"--awb-bg-size:cover;--awb-width-large:100%;--awb-margin-top-large:0px;--awb-spacing-right-large:1.92%;--awb-margin-bottom-large:20px;--awb-spacing-left-large:1.92%;--awb-width-medium:100%;--awb-order-medium:0;--awb-spacing-right-medium:1.92%;--awb-spacing-left-medium:1.92%;--awb-width-small:100%;--awb-order-small:0;--awb-spacing-right-small:1.92%;--awb-spacing-left-small:1.92%;\"><div class=\"fusion-column-wrapper fusion-column-has-shadow fusion-flex-justify-content-flex-start fusion-content-layout-column\"><div class=\"fusion-title title fusion-title-4 fusion-sep-none fusion-title-text fusion-title-size-five\" style=\"--awb-margin-bottom:8px;\"><h5 class=\"fusion-title-heading title-heading-left\" style=\"margin:0;\">TV Shows<\/h5><\/div><div class=\"fusion-text fusion-text-3\"><p><img decoding=\"async\" class=\"alignleft wp-image-874\" src=\"https:\/\/studioartspot.com\/dev\/slavic\/wp-content\/uploads\/2024\/07\/series.jpg\" alt=\"\" width=\"39\" height=\"63\" \/>2023 &#8211; <strong>&#8220;Drug Marko&#8221;<\/strong>,<br \/>\nDirector: Nedeljko Kova\u010di\u0107, Production: GFC, RTS<\/p>\n<p><img decoding=\"async\" class=\"alignleft wp-image-874\" src=\"https:\/\/studioartspot.com\/dev\/slavic\/wp-content\/uploads\/2024\/07\/series.jpg\" alt=\"\" width=\"39\" height=\"63\" \/>2021 &#8211; <strong>&#8220;Vreme zla&#8221;<\/strong>,<br \/>\nRole: Du\u0161an Kati\u0107, Director : Ivan \u017divkovi\u0107, Production: United Media<\/p>\n<p><img decoding=\"async\" class=\"alignleft wp-image-874\" src=\"https:\/\/studioartspot.com\/dev\/slavic\/wp-content\/uploads\/2024\/07\/series.jpg\" alt=\"\" width=\"39\" height=\"63\" \/>2021 &#8211; <strong>&#8220;Aviondzije&#8221;<\/strong>,<br \/>\nRole: Petar Stojakovi\u0107, Director: Suzana Purkovi\u0107, Production: Hype Production<\/p>\n<p><img decoding=\"async\" class=\"alignleft wp-image-874\" src=\"https:\/\/studioartspot.com\/dev\/slavic\/wp-content\/uploads\/2024\/07\/series.jpg\" alt=\"\" width=\"39\" height=\"63\" \/>2020 &#8211; <strong>&#8220;The Case of the Boskovic Family&#8221;<\/strong>,<br \/>\nRole: Velibor Bo\u0161kovi\u0107, Director: Ivan Stefanovi\u0107, Ivan \u017divkovi\u0107, Production: Ko\u0161utnjak Film<\/p>\n<\/div><\/div><\/div><\/div><\/div><div class=\"fusion-fullwidth fullwidth-box fusion-builder-row-7 fusion-flex-container has-pattern-background has-mask-background nonhundred-percent-fullwidth non-hundred-percent-height-scrolling fusion-animated\" style=\"--awb-border-radius-top-left:0px;--awb-border-radius-top-right:0px;--awb-border-radius-bottom-right:0px;--awb-border-radius-bottom-left:0px;--awb-padding-right:0px;--awb-padding-left:0px;--awb-flex-wrap:wrap;\" data-animationType=\"fadeInUp\" data-animationDuration=\"0.8\" data-animationDelay=\"0.2\" data-animationOffset=\"top-into-view\" ><div class=\"fusion-builder-row fusion-row fusion-flex-align-items-flex-start fusion-flex-content-wrap\" style=\"max-width:1560px;margin-left: calc(-4% \/ 2 );margin-right: calc(-4% \/ 2 );\"><div class=\"fusion-layout-column fusion_builder_column fusion-builder-column-6 fusion_builder_column_1_1 1_1 fusion-flex-column\" style=\"--awb-bg-size:cover;--awb-width-large:100%;--awb-margin-top-large:0px;--awb-spacing-right-large:1.92%;--awb-margin-bottom-large:20px;--awb-spacing-left-large:1.92%;--awb-width-medium:100%;--awb-order-medium:0;--awb-spacing-right-medium:1.92%;--awb-spacing-left-medium:1.92%;--awb-width-small:100%;--awb-order-small:0;--awb-spacing-right-small:1.92%;--awb-spacing-left-small:1.92%;\"><div class=\"fusion-column-wrapper fusion-column-has-shadow fusion-flex-justify-content-flex-start fusion-content-layout-column\"><div class=\"fusion-title title fusion-title-5 fusion-sep-none fusion-title-text fusion-title-size-five\" style=\"--awb-margin-bottom:8px;\"><h5 class=\"fusion-title-heading title-heading-left\" style=\"margin:0;\">Theatre<\/h5><\/div><div class=\"fusion-text fusion-text-4\"><p><strong>&#8220;Gospo\u0111a ministarka&#8221;<\/strong>, Role: Raka, Director: Jago\u0161 Markovi\u0107, Production: National Theatre in Belgrade<br \/>\n<strong>&#8220;Boke\u0161ki D-mol&#8221;<\/strong>, Role: Rene Maruli\u0107, Director: Milan Karad\u017ei\u0107, Production: Bo\u0161ko Buha Theatre<br \/>\n<strong>&#8220;Beauty and the Beast&#8221;<\/strong>, Role: Beast, Director: Milan Karad\u017ei\u0107, Production: Bo\u0161ko Buha Theatre<br \/>\n<strong>&#8220;Aladdin and the Magic Lamp&#8221;<\/strong>, Role: Aladdin, Director: Milan Karad\u017ei\u0107, Production: Bo\u0161ko Buha Theatre<br \/>\n<strong>&#8220;Knight from Zvezdara&#8221;<\/strong>, Role: Knight Zvezdan, Director: \u0110ur\u0111a Te\u0161i\u0107, Production: Bo\u0161ko Buha Theatre<br \/>\n<strong>&#8220;Greta from Faust&#8221;<\/strong> Role: Actor\/Director, Director: Sr\u0111an J. Karanovi\u0107, Production: Dadov Theatre<br \/>\n<strong>&#8220;Fairy tales for children and adults&#8221;<\/strong> Role: Selko, Director: Sr\u0111an J. Karanovi\u0107, Production: Dadov Theatre<br \/>\n<strong>&#8220;Let&#8217;s improvise&#8221;<\/strong>, Role: Improviser, Director: Sr\u0111an J. Karanovi\u0107, Production: DKSG Theatre<br \/>\n<strong>&#8220;A fairy tale about an enchanted beauty&#8221;<\/strong>, Role: The youngest son, Director: Slav\u010do Malenov, Production: &#8220;Pinocchio&#8221; Puppet Theatre<br \/>\n<strong>&#8220;The jungle book&#8221;<\/strong>, Role: Lui &#8211; The monkey king, Director: Marko Jovi\u010di\u0107, Production: &#8220;Pinocchio&#8221; Puppet Theatre<\/p>\n<\/div><\/div><\/div><\/div><\/div><div class=\"fusion-fullwidth fullwidth-box fusion-builder-row-8 fusion-flex-container has-pattern-background has-mask-background nonhundred-percent-fullwidth non-hundred-percent-height-scrolling fusion-animated\" style=\"--awb-border-radius-top-left:0px;--awb-border-radius-top-right:0px;--awb-border-radius-bottom-right:0px;--awb-border-radius-bottom-left:0px;--awb-padding-right:0px;--awb-padding-left:0px;--awb-flex-wrap:wrap;\" data-animationType=\"fadeInUp\" data-animationDuration=\"0.9\" data-animationDelay=\"0.3\" data-animationOffset=\"top-into-view\" ><div class=\"fusion-builder-row fusion-row fusion-flex-align-items-flex-start fusion-flex-content-wrap\" style=\"max-width:1560px;margin-left: calc(-4% \/ 2 );margin-right: calc(-4% \/ 2 );\"><div class=\"fusion-layout-column fusion_builder_column fusion-builder-column-7 fusion_builder_column_1_1 1_1 fusion-flex-column\" style=\"--awb-bg-size:cover;--awb-width-large:100%;--awb-margin-top-large:0px;--awb-spacing-right-large:1.92%;--awb-margin-bottom-large:20px;--awb-spacing-left-large:1.92%;--awb-width-medium:100%;--awb-order-medium:0;--awb-spacing-right-medium:1.92%;--awb-spacing-left-medium:1.92%;--awb-width-small:100%;--awb-order-small:0;--awb-spacing-right-small:1.92%;--awb-spacing-left-small:1.92%;\"><div class=\"fusion-column-wrapper fusion-column-has-shadow fusion-flex-justify-content-flex-start fusion-content-layout-column\"><div class=\"fusion-title title fusion-title-6 fusion-sep-none fusion-title-text fusion-title-size-four\" style=\"--awb-margin-bottom:0px;\"><h4 class=\"fusion-title-heading title-heading-left\" style=\"margin:0;\">News<\/h4><\/div><div class=\"fusion-separator fusion-full-width-sep\" style=\"align-self: center;margin-left: auto;margin-right: auto;margin-top:11px;margin-bottom:15px;width:100%;max-width:100%;\"><div class=\"fusion-separator-border sep-single sep-solid\" style=\"--awb-height:20px;--awb-amount:20px;--awb-sep-color:#a2a2a2;border-color:#a2a2a2;border-top-width:1px;\"><\/div><\/div><h2 class=\"fusion-nothing-found\">\n<p>Nothing Found<\/p>\n<\/h2><\/div><\/div><\/div><\/div><\/p>\n","protected":false},"excerpt":{"rendered":"","protected":false},"featured_media":1718,"comment_status":"closed","ping_status":"closed","template":"","meta":{"_acf_changed":false},"product_brand":[],"product_cat":[25,29],"product_tag":[],"class_list":{"0":"post-1712","1":"product","2":"type-product","3":"status-publish","4":"has-post-thumbnail","6":"product_cat-actors","7":"product_cat-speakers","8":"pa_gender-male","10":"first","11":"instock","12":"shipping-taxable","13":"product-type-simple","14":"add-to-wishlist-after_add_to_cart"},"acf":[],"_links":{"self":[{"href":"https:\/\/studioartspot.com\/dev\/slavic\/wp-json\/wp\/v2\/product\/1712","targetHints":{"allow":["GET"]}}],"collection":[{"href":"https:\/\/studioartspot.com\/dev\/slavic\/wp-json\/wp\/v2\/product"}],"about":[{"href":"https:\/\/studioartspot.com\/dev\/slavic\/wp-json\/wp\/v2\/types\/product"}],"replies":[{"embeddable":true,"href":"https:\/\/studioartspot.com\/dev\/slavic\/wp-json\/wp\/v2\/comments?post=1712"}],"wp:featuredmedia":[{"embeddable":true,"href":"https:\/\/studioartspot.com\/dev\/slavic\/wp-json\/wp\/v2\/media\/1718"}],"wp:attachment":[{"href":"https:\/\/studioartspot.com\/dev\/slavic\/wp-json\/wp\/v2\/media?parent=1712"}],"wp:term":[{"taxonomy":"product_brand","embeddable":true,"href":"https:\/\/studioartspot.com\/dev\/slavic\/wp-json\/wp\/v2\/product_brand?post=1712"},{"taxonomy":"product_cat","embeddable":true,"href":"https:\/\/studioartspot.com\/dev\/slavic\/wp-json\/wp\/v2\/product_cat?post=1712"},{"taxonomy":"product_tag","embeddable":true,"href":"https:\/\/studioartspot.com\/dev\/slavic\/wp-json\/wp\/v2\/product_tag?post=1712"}],"curies":[{"name":"wp","href":"https:\/\/api.w.org\/{rel}","templated":true}]}}